Suppose p = -g*p + 5. Let b(n) = 31*n + 36. Let t(x) = -7*x - 8. Let f(v) = -2*b(v) - 9*t(v). Give f(p).
1
Let o(c) be the second derivative of 2/3*c**4 - 5*c - 1 + 0*c**3 - 1/2*c**2. Give o(-2).
31
Let v(h) = -h**2 + 5*h + 4. Let u be v(5). Let a = 164 - 158. Let l(d) = a - 11*d + 24*d - 15*d. What is l(u)?
-2
Suppose 5*j - 5*t - 17 = 3, t - 31 = -4*j. Suppose 8*p = 40 + 72. Let m(i) = -4 - 19*i**2 - p*i**2 - 7*i - i + 34*i**2. Determine m(j).
-11
Suppose -4*l = -3*i - 9*l - 1207, 4*i - 3*l = -1561. Let m = -401 - i. Let w(b) = 9 - 2 + b + 1. Determine w(m).
1
Suppose 4093*a = 4086*a + 21. Let o(m) = -m**3 + 4*m**2 - 8*m + 13. Calculate o(a).
-2
Let p be (-282)/(-18) + 6 + 12/9. Suppose -15 = -18*l + p*l. Let x(j) = -j**3 - 2*j**2 - j - 4. Give x(l).
8
Let u(a) be the first derivative of a**4/4 + 6*a**3 + 8*a**2 - 9*a - 696. Calculate u(-17).
8
Let g(q) be the first derivative of q**2 + 13*q - 7. Let r = 1876 - 1888. What is g(r)?
-11
Let d(i) = -2*i**2 - 162*i + 82*i + 78*i + 1 + 3*i**2. Suppose -4*a = a - 10. Let g be -4 - ((3 - a) + -3). Calculate d(g).
9
Let h(u) = 24*u - 30. Let m(r) = 21*r - 30. Let t(k) = 4*h(k) - 5*m(k). What is t(4)?
-6
Let x = -1456 + 1446. Let k(b) = -b**3 - 10*b**2 + 5*b + 5. Give k(x).
-45
Let n(i) = i**2 + 13*i - 20. Let r be n(-9). Let o = r - -58. Let f(h) = -5 - h**2 - 4*h + o*h + 2 - 8*h**3 + 6*h**3. Give f(-2).
13
Let k(i) = -1546*i**3 + 521*i**3 - 11 - 12*i**2 + 5 + 511*i**3 + 10*i + 515*i**3. Suppose 4*a = -13 + 57. What is k(a)?
-17
Suppose -210 = y - 22*y. Let p(a) = -5*a**2 + 24 + a**2 - 4*a + 3*a**2 - y + 10. Give p(-8).
-8
Let i(c) = c**2 - 14*c + 38. Suppose -30*l = -348 + 18. Calculate i(l).
5
Let y(o) = o**3 - 4*o**2 - o + 6. Suppose -2 + 16 - 78 = -16*k. Determine y(k).
2
Let k(f) be the first derivative of f**3/3 - 4*f**2 + 27*f + 390. Calculate k(5).
12
Let u = 14 + 2. Suppose 0*n - 96 = -u*n. Let x(s) = -s + 8. What is x(n)?
2
Let a = -88 + 124. Let h be -10*((-22)/5 + 0). Let i = a - h. Let w(c) = -c**3 - 9*c**2 - 9*c - 3. Calculate w(i).
5
Let j(z) = 12*z**3 + 39*z**2 + 13*z + 7. Let a(g) = 8*g**3 + 24*g**2 + 8*g + 5. Let r(l) = 8*a(l) - 5*j(l). Give r(2).
23
Let h(g) = -12*g**3 - 387*g**2 - 809*g + 31. Let p be h(-30). Let f(k) = -4*k**2 - 3*k. Let a(r) = 15*r**2 + 13*r. Let x(t) = -2*a(t) - 9*f(t). What is x(p)?
7
Let p be 4 - ((-2 - -1) + 0). Let v(u) be the second derivative of u**3/3 - 7*u**2/2 + 26*u. Give v(p).
3
Let f(p) = -46*p + 34. Let l be f(-2). Let t = -126 + l. Let g(k) = -k**3 - k**2 - 16. Calculate g(t).
-16
Let y be 105/315 + 46/(-3). Let r(f) = 6*f + 34. Give r(y).
-56
Suppose -4*m + 12 = -4*h, 3 = 2*h + 11. Let v(i) = -1. Let b(k) = k + 5. Let j(s) = m*b(s) - 6*v(s). Let x be j(6). Let g(q) = q + 8. Calculate g(x).
3
Let b be ((-781)/(-99) + -9)/((-1)/9). Let s(p) = 9 - 5 - 5 + b*p - 2*p. Determine s(-1).
-9
Let v(p) = p**2 - 13*p + 1. Let g = -5202 + 5214. Give v(g).
-11
Let y(x) = -2*x**2 - 5*x - 7. Let k be (-1)/(3 - (-48)/(-15)). Suppose -s = g + 5, s - k*g = -4*g - 1. Determine y(s).
-10
Let b(u) be the third derivative of -17*u**4/24 - 105*u**3/2 - 5293*u**2. What is b(-18)?
-9
Let r(u) = 11*u + 67. Let m(n) = -10*n - 58. Let w(g) = 7*m(g) + 6*r(g). Give w(-8).
28
Let w(t) = -t**3 - 6*t**2 + 1. Let r(o) = -7*o**3 - 31*o**2 - 3*o + 9. Let q(n) = -r(n) + 6*w(n). Determine q(4).
-7
Let t = -574 + 789. Let c(f) = t + 3*f - 213 - 2*f. What is c(-4)?
-2
Let k(a) = -a**3 + 5*a**2 + 2*a - 4. Let v be (-4 - 27) + 4*6/(-8). Suppose -5*i + 0*q - 195 = q, -4*i - 156 = -3*q. Let r = v - i. Give k(r).
6
Let l(i) = -3*i**2 - 9*i + 8. Let p be (34/102)/((-26)/12 + 2). Let t(n) = 10*n**2 + 27*n - 25. Let x(f) = p*t(f) - 7*l(f). Determine x(-7).
-20
Let p(i) be the first derivative of -7*i**4/2 + i**2/2 + i - 6. Suppose d + 2*s = -1, -3*d + 1 = 3*s + 4. Give p(d).
14
Let y be (((-3642)/4)/(-3))/((-6)/12). Let j = y + 603. Let g(v) = 8 - 2*v**3 + v**3 - 3 - 4*v**2. Determine g(j).
5
Let l(p) = -p**3 + 10*p**2 - 6*p - 2. Suppose -44*j = -37*j - 63. What is l(j)?
25
Suppose 12*a - 9*a + 12 = 0. Let s be 2 - (5/2 - (-2)/a). Suppose s = -3*u + 2*u - 2*u. Let r(g) = -g + 21. Calculate r(u).
21
Let s(c) = 3*c - 11. Let h(a) = 46*a + 4. Let d(t) = 2*h(t) - 10*s(t). Give d(-2).
-6
Suppose 9*i - 3 = 15. Let g(c) = c**2 + 37 - c**3 - 43 - 7*c**2 - 2*c**2 + i*c. Give g(-8).
-22
Suppose -4*h = -2*x + 28, -3*x - h + 4*h = -33. Let g(n) be the third derivative of n**4/12 - 11*n**3/6 - 10*n**2 + 3. Give g(x).
5
Let d(r) = 4*r**2 + 4*r + 5. Let n be d(-1). Let v(t) = 5*t - 13. Give v(n).
12
Let q(z) = z**3 + 15*z**2 - 2*z - 26. Suppose -778 = 39*b + 32*b + 287. Calculate q(b).
4
Let b(c) = -c**3 + 5*c**2 - 4*c - 6. Suppose o + 16 = -166*k + 170*k, 3*k - 12 = -o. Calculate b(k).
-6
Let u(v) = v**2 - 18*v + 8. Let l = 4676 - 4656. Determine u(l).
48
Let c(y) = -14*y + 304. Let f be c(22). Let r(n) be the second derivative of -1/3*n**3 - n + 0 + 1/2*n**2. Calculate r(f).
9
Let z(b) be the second derivative of -b**3/3 - 2*b**2 + b. Let i(m) = -9*m - 165. Let k be (-1)/(-8)*-3 + 5076/(-288). Let u be i(k). Determine z(u).
2
Suppose -166104*l = -166102*l + 6. Let x(t) = -9*t + 4. Let j(f) = -8*f + 4. Let z(m) = -7*j(m) + 6*x(m). What is z(l)?
-10
Let w(u) = 8*u - 11. Let h(l) = 199*l + 1 + 4 - 99*l - 104*l. Let f(j) = 7*h(j) + 3*w(j). What is f(2)?
-6
Let y(b) = -b**3 + 5*b**2 + b - 5. Let d(n) = -n**2 + 19*n + 21. Let s be d(0). Suppose 0 = -8*i + 19 + s. Calculate y(i).
0
Let n(f) = 2811*f + 5747 - 5777 - 2812*f. Let s(k) = -k**3 + k. Let z be s(0). Determine n(z).
-30
Let b(w) = -2*w - 38. Let t(a) = a + 14. Let d(s) = -4*b(s) - 9*t(s). Let j be (-1)/(-2) + 66/4. Let k be d(j). Let x(f) = f**3 - 9*f**2 + 2*f - 8. Give x(k).
10
Suppose -2*r + 2*t - 12 = 0, r + 5*t - 33 + 9 = 0. Let s(c) = 3*c - 3. Let j(v) = -4*v - 2. Let i(m) = j(m) - s(m). Calculate i(r).
8
Let n(k) = -5*k**2 - 4 + k**3 + 1 - 2 + 4. Let i(g) be the first derivative of -g**4/4 - 2*g**3 + 21*g**2/2 + 45*g + 162. Let r be i(-8). Calculate n(r).
-1
Suppose -34*z - 4*z - 102 = -4*z. Let a(t) be the third derivative of t**6/120 + t**5/12 + t**4/8 + 8*t**2. Give a(z).
9
Suppose 2*h = 1 + 3. Suppose -3*g + h*v + 13 = 0, -3*v + 16 = g - 6*v. Let p be (-3)/(-12)*g - (-46)/8. Let k(c) = -c**3 + 7*c**2 - 6*c - 5. What is k(p)?
-5
Suppose -39*w - 88 = 263. Let v(h) = 5*h - 15. Let p(u) = 4*u - 15. Let r(x) = -6*p(x) + 5*v(x). What is r(w)?
6
Let n(r) be the first derivative of -r**3/3 - 3*r**2/2 - 6*r - 1479. What is n(-7)?
-34
Let i(q) = 5*q**2 + 3*q + 6. Let p(n) = -4*n + 111. Let a be p(28). Let z(y) = y**2 - y. Let l(b) = a*i(b) + 6*z(b). Give l(8).
-14
Let a(y) be the first derivative of 9*y**2/2 - 155*y - 5235. Give a(19).
16
Let d(y) = 2*y**2 + 4*y + 1. Let f(w) = -7 - 11*w + 11 + 11 - 1 - 9*w**2 + w**3. Let m be f(10). Suppose m*h + 2*q + 4 = 0, 2*q - 11 = -3. Give d(h).
7
Let y(x) = x**3 - 6*x**2 - 19*x + 34. Let w be y(8). Let i be (5/w)/(2 - 25/12). Let g(p) = p**3 + 7*p**2 + 5*p - 4. Give g(i).
2
Suppose 315*r + 131 = 5*o + 317*r, -3*r = -24. Let l(m) = m**3 - 20*m**2 - 67*m - 47. Determine l(o).
-1
Let h(s) = -3*s**2 - s + 6. Suppose -29*v + 4*y - 2 = -30*v, 8 = 4*v + 2*y. Calculate h(v).
-8
Suppose -2*j = j - 24. Let z(a) = j*a**2 - 2*a**3 + 5 + a**3 + a**2 - 18. Let x(o) = 156*o + 8745. Let w be x(-56). What is z(w)?
-13
Suppose 52*d + 26*d = 19*d - 472. Let m(x) = 2*x**2 + 5*x - 2. What is m(d)?
86
Let b(f) be the second derivative of f**5/10 + 7*f**4/12 - f**3/6 - 2*f**2 - 2000*f + 1. Give b(-5).
-74
Let v = 5127 - 5129. Let b(h) = -h**3 + h**2 + 5*h + 1. What is b(v)?
3
Let y(n) be the third derivative of 0*n + 0 - 1/12*n**5 + 60*n**2 + 1/120*n**6 - 1/24*n**4 - 1/6*n**3. Calculate y(5).
-6
Let o(b) = 3*b**2 - 25*b + 8. Suppose 5*x - 52 = 4*h, -46 = 339*x - 344*x + 2*h. What is o(x)?
0
Let i(q) = -5*q**3 + 11*q**2 - 2*q. Let g(b) = -6*b**3 + 12*b**2 - 2*b - 1. Let n(k) = -4*g(k) + 5*i(k). Let m(w) = -5*w + 86. Let f be m(16). What is n(f)?
28
Let t(k) be the third derivative of -13*k**5/60 - 157*k**4/24 - 23*k**3/6 + 17*k**2 + 17*k. Determine t(-12).
-11
Let r be ((-43)/(-5) + 909/(-101))/(6/(-5)). Let v(m) be the second derivative of 19*m + 0 + r*m**3 + 1/2*m**2. What is v(-5)?
-9
Let k = 69 - 146. Let r = k + 69. Let b be r/